{"id":167,"date":"2015-11-28T10:38:13","date_gmt":"2015-11-28T09:38:13","guid":{"rendered":"http:\/\/maitresse-ida.fr\/ida\/?page_id=167"},"modified":"2015-12-01T15:32:16","modified_gmt":"2015-12-01T14:32:16","slug":"mentions-legales","status":"publish","type":"page","link":"https:\/\/www.maitresse-ida.fr\/ida\/mentions-legales\/","title":{"rendered":"Mentions l\u00e9gales"},"content":{"rendered":"<p>Le site http:\/\/maitresse-ida.fr\/\u00a0est \u00e9dit\u00e9 par :<\/p>\n<div id=\"page\" class=\"hfeed site\">\n<div id=\"content\" class=\"site-content container\">\n<div id=\"primary\" class=\"content-area col-sm-12 col-md-8 pull-left\">\n<article id=\"post-314\" class=\"post-314 page type-page status-publish hentry\">\n<div class=\"entry-content\">\n<p>Ida Denans<br \/>\nResponsable de la r\u00e9daction : Ida Denans<br \/>\nAdresse :\u00a0 84190 Beaumes de Venise<br \/>\nT\u00e9l. 04 90 65 05 04<\/p>\n<p>Le site est h\u00e9berg\u00e9 par la soci\u00e9t\u00e9 OVH<br \/>\nSAS au capital de 10 000 000 \u20ac<br \/>\nRCS Roubaix \u2013 Tourcoing 424 761 419 00045<br \/>\nCode APE 6202A<br \/>\nN\u00b0 TVA : FR 22 424 761 419<br \/>\nSi\u00e8ge social : 2 rue Kellermann \u2013 59100 Roubaix \u2013 France.<\/p>\n<p>Le site utilise des cookies et conform\u00e9ment \u00e0 la l\u00e9gislation, le simple fait de poursuivre la navigation.apr\u00e8s le message d&rsquo;avertissement, vaut pour acceptation.<br \/>\nSi vous ne le souhaitez pas, vous pouvez soit d\u00e9sactiver l&rsquo;utilisation des cookies dans votre navigateur, soit quitter le site.<br \/>\nLes cookies sont utilis\u00e9s ici \u00e0 des fins statistiques par l&rsquo;h\u00e9bergeur, comme pour am\u00e9liorer votre navigation.<\/p>\n<p>Ce site, ainsi que tous les textes, photographies et graphismes qu\u2019il comporte est prot\u00e9g\u00e9 par la loi, notamment l\u2019article L 122-4 de la propri\u00e9t\u00e9 intellectuelle. Vous ne pouvez utiliser les photos et vid\u00e9os sans le consentement des auteurs et des mod\u00e8les.<br \/>\nTous les mod\u00e8les pr\u00e9sents sur les photos ont 18 ans au moment de la r\u00e9alisation de celles-ci.<\/p>\n<\/div>\n<\/article>\n<\/div>\n<\/div>\n<\/div>\n","protected":false},"excerpt":{"rendered":"<p>Le site http:\/\/maitresse-ida.fr\/\u00a0est \u00e9dit\u00e9 par : Ida Denans Responsable de la r\u00e9daction : Ida Denans Adresse :\u00a0 84190 Beaumes de Venise T\u00e9l. 04 90 65 05 04 Le site est h\u00e9berg\u00e9 par la soci\u00e9t\u00e9 OVH SAS au capital de 10 000 000 \u20ac RCS Roubaix \u2013 Tourcoing 424 761 419 00045 Code APE 6202A N\u00b0 [&hellip;]<\/p>\n","protected":false},"author":1,"featured_media":0,"parent":0,"menu_order":0,"comment_status":"closed","ping_status":"closed","template":"","meta":{"footnotes":""},"class_list":["post-167","page","type-page","status-publish","hentry"],"yoast_head":"<!-- This site is optimized with the Yoast SEO Premium plugin v27.4 (Yoast SEO v27.5) - https:\/\/yoast.com\/product\/yoast-seo-premium-wordpress\/ -->\n<title>Mentions l\u00e9gales - Ma\u00eetresse Ida<\/title>\n<meta name=\"robots\" content=\"index, follow, max-snippet:-1, max-image-preview:large, max-video-preview:-1\" \/>\n<link rel=\"canonical\" href=\"https:\/\/www.maitresse-ida.fr\/ida\/mentions-legales\/\" \/>\n<meta property=\"og:locale\" content=\"fr_FR\" \/>\n<meta property=\"og:type\" content=\"article\" \/>\n<meta property=\"og:title\" content=\"Mentions l\u00e9gales\" \/>\n<meta property=\"og:description\" content=\"Le site http:\/\/maitresse-ida.fr\/\u00a0est \u00e9dit\u00e9 par : Ida Denans Responsable de la r\u00e9daction : Ida Denans Adresse :\u00a0 84190 Beaumes de Venise T\u00e9l. 04 90 65 05 04 Le site est h\u00e9berg\u00e9 par la soci\u00e9t\u00e9 OVH SAS au capital de 10 000 000 \u20ac RCS Roubaix \u2013 Tourcoing 424 761 419 00045 Code APE 6202A N\u00b0 [&hellip;]\" \/>\n<meta property=\"og:url\" content=\"https:\/\/www.maitresse-ida.fr\/ida\/mentions-legales\/\" \/>\n<meta property=\"og:site_name\" content=\"Ma\u00eetresse Ida\" \/>\n<meta property=\"article:modified_time\" content=\"2015-12-01T14:32:16+00:00\" \/>\n<meta name=\"twitter:card\" content=\"summary_large_image\" \/>\n<meta name=\"twitter:label1\" content=\"Dur\u00e9e de lecture estim\u00e9e\" \/>\n\t<meta name=\"twitter:data1\" content=\"1 minute\" \/>\n<script type=\"application\/ld+json\" class=\"yoast-schema-graph\">{\"@context\":\"https:\\\/\\\/schema.org\",\"@graph\":[{\"@type\":\"WebPage\",\"@id\":\"https:\\\/\\\/www.maitresse-ida.fr\\\/ida\\\/mentions-legales\\\/\",\"url\":\"https:\\\/\\\/www.maitresse-ida.fr\\\/ida\\\/mentions-legales\\\/\",\"name\":\"Mentions l\u00e9gales - Ma\u00eetresse Ida\",\"isPartOf\":{\"@id\":\"https:\\\/\\\/www.maitresse-ida.fr\\\/ida\\\/#website\"},\"datePublished\":\"2015-11-28T09:38:13+00:00\",\"dateModified\":\"2015-12-01T14:32:16+00:00\",\"breadcrumb\":{\"@id\":\"https:\\\/\\\/www.maitresse-ida.fr\\\/ida\\\/mentions-legales\\\/#breadcrumb\"},\"inLanguage\":\"fr-FR\",\"potentialAction\":[{\"@type\":\"ReadAction\",\"target\":[\"https:\\\/\\\/www.maitresse-ida.fr\\\/ida\\\/mentions-legales\\\/\"]}]},{\"@type\":\"BreadcrumbList\",\"@id\":\"https:\\\/\\\/www.maitresse-ida.fr\\\/ida\\\/mentions-legales\\\/#breadcrumb\",\"itemListElement\":[{\"@type\":\"ListItem\",\"position\":1,\"name\":\"Accueil\",\"item\":\"https:\\\/\\\/www.maitresse-ida.fr\\\/ida\\\/\"},{\"@type\":\"ListItem\",\"position\":2,\"name\":\"Mentions l\u00e9gales\"}]},{\"@type\":\"WebSite\",\"@id\":\"https:\\\/\\\/www.maitresse-ida.fr\\\/ida\\\/#website\",\"url\":\"https:\\\/\\\/www.maitresse-ida.fr\\\/ida\\\/\",\"name\":\"Ma\u00eetresse Ida\",\"description\":\"Dominatrice en Provence\",\"publisher\":{\"@id\":\"https:\\\/\\\/www.maitresse-ida.fr\\\/ida\\\/#\\\/schema\\\/person\\\/8ab53d59f6297669045f83bd9eb052ab\"},\"potentialAction\":[{\"@type\":\"SearchAction\",\"target\":{\"@type\":\"EntryPoint\",\"urlTemplate\":\"https:\\\/\\\/www.maitresse-ida.fr\\\/ida\\\/?s={search_term_string}\"},\"query-input\":{\"@type\":\"PropertyValueSpecification\",\"valueRequired\":true,\"valueName\":\"search_term_string\"}}],\"inLanguage\":\"fr-FR\"},{\"@type\":[\"Person\",\"Organization\"],\"@id\":\"https:\\\/\\\/www.maitresse-ida.fr\\\/ida\\\/#\\\/schema\\\/person\\\/8ab53d59f6297669045f83bd9eb052ab\",\"name\":\"Ma\u00eetresse Ida\",\"image\":{\"@type\":\"ImageObject\",\"inLanguage\":\"fr-FR\",\"@id\":\"https:\\\/\\\/i0.wp.com\\\/www.maitresse-ida.fr\\\/ida\\\/wp-content\\\/uploads\\\/2020\\\/04\\\/soumission.jpg?fit=1000%2C694&ssl=1\",\"url\":\"https:\\\/\\\/i0.wp.com\\\/www.maitresse-ida.fr\\\/ida\\\/wp-content\\\/uploads\\\/2020\\\/04\\\/soumission.jpg?fit=1000%2C694&ssl=1\",\"contentUrl\":\"https:\\\/\\\/i0.wp.com\\\/www.maitresse-ida.fr\\\/ida\\\/wp-content\\\/uploads\\\/2020\\\/04\\\/soumission.jpg?fit=1000%2C694&ssl=1\",\"width\":1000,\"height\":694,\"caption\":\"Ma\u00eetresse Ida\"},\"logo\":{\"@id\":\"https:\\\/\\\/i0.wp.com\\\/www.maitresse-ida.fr\\\/ida\\\/wp-content\\\/uploads\\\/2020\\\/04\\\/soumission.jpg?fit=1000%2C694&ssl=1\"},\"sameAs\":[\"http:\\\/\\\/maitresse-ida.fr\\\/\"]}]}<\/script>\n<!-- \/ Yoast SEO Premium plugin. -->","yoast_head_json":{"title":"Mentions l\u00e9gales - Ma\u00eetresse Ida","robots":{"index":"index","follow":"follow","max-snippet":"max-snippet:-1","max-image-preview":"max-image-preview:large","max-video-preview":"max-video-preview:-1"},"canonical":"https:\/\/www.maitresse-ida.fr\/ida\/mentions-legales\/","og_locale":"fr_FR","og_type":"article","og_title":"Mentions l\u00e9gales","og_description":"Le site http:\/\/maitresse-ida.fr\/\u00a0est \u00e9dit\u00e9 par : Ida Denans Responsable de la r\u00e9daction : Ida Denans Adresse :\u00a0 84190 Beaumes de Venise T\u00e9l. 04 90 65 05 04 Le site est h\u00e9berg\u00e9 par la soci\u00e9t\u00e9 OVH SAS au capital de 10 000 000 \u20ac RCS Roubaix \u2013 Tourcoing 424 761 419 00045 Code APE 6202A N\u00b0 [&hellip;]","og_url":"https:\/\/www.maitresse-ida.fr\/ida\/mentions-legales\/","og_site_name":"Ma\u00eetresse Ida","article_modified_time":"2015-12-01T14:32:16+00:00","twitter_card":"summary_large_image","twitter_misc":{"Dur\u00e9e de lecture estim\u00e9e":"1 minute"},"schema":{"@context":"https:\/\/schema.org","@graph":[{"@type":"WebPage","@id":"https:\/\/www.maitresse-ida.fr\/ida\/mentions-legales\/","url":"https:\/\/www.maitresse-ida.fr\/ida\/mentions-legales\/","name":"Mentions l\u00e9gales - Ma\u00eetresse Ida","isPartOf":{"@id":"https:\/\/www.maitresse-ida.fr\/ida\/#website"},"datePublished":"2015-11-28T09:38:13+00:00","dateModified":"2015-12-01T14:32:16+00:00","breadcrumb":{"@id":"https:\/\/www.maitresse-ida.fr\/ida\/mentions-legales\/#breadcrumb"},"inLanguage":"fr-FR","potentialAction":[{"@type":"ReadAction","target":["https:\/\/www.maitresse-ida.fr\/ida\/mentions-legales\/"]}]},{"@type":"BreadcrumbList","@id":"https:\/\/www.maitresse-ida.fr\/ida\/mentions-legales\/#breadcrumb","itemListElement":[{"@type":"ListItem","position":1,"name":"Accueil","item":"https:\/\/www.maitresse-ida.fr\/ida\/"},{"@type":"ListItem","position":2,"name":"Mentions l\u00e9gales"}]},{"@type":"WebSite","@id":"https:\/\/www.maitresse-ida.fr\/ida\/#website","url":"https:\/\/www.maitresse-ida.fr\/ida\/","name":"Ma\u00eetresse Ida","description":"Dominatrice en Provence","publisher":{"@id":"https:\/\/www.maitresse-ida.fr\/ida\/#\/schema\/person\/8ab53d59f6297669045f83bd9eb052ab"},"potentialAction":[{"@type":"SearchAction","target":{"@type":"EntryPoint","urlTemplate":"https:\/\/www.maitresse-ida.fr\/ida\/?s={search_term_string}"},"query-input":{"@type":"PropertyValueSpecification","valueRequired":true,"valueName":"search_term_string"}}],"inLanguage":"fr-FR"},{"@type":["Person","Organization"],"@id":"https:\/\/www.maitresse-ida.fr\/ida\/#\/schema\/person\/8ab53d59f6297669045f83bd9eb052ab","name":"Ma\u00eetresse Ida","image":{"@type":"ImageObject","inLanguage":"fr-FR","@id":"https:\/\/i0.wp.com\/www.maitresse-ida.fr\/ida\/wp-content\/uploads\/2020\/04\/soumission.jpg?fit=1000%2C694&ssl=1","url":"https:\/\/i0.wp.com\/www.maitresse-ida.fr\/ida\/wp-content\/uploads\/2020\/04\/soumission.jpg?fit=1000%2C694&ssl=1","contentUrl":"https:\/\/i0.wp.com\/www.maitresse-ida.fr\/ida\/wp-content\/uploads\/2020\/04\/soumission.jpg?fit=1000%2C694&ssl=1","width":1000,"height":694,"caption":"Ma\u00eetresse Ida"},"logo":{"@id":"https:\/\/i0.wp.com\/www.maitresse-ida.fr\/ida\/wp-content\/uploads\/2020\/04\/soumission.jpg?fit=1000%2C694&ssl=1"},"sameAs":["http:\/\/maitresse-ida.fr\/"]}]}},"jetpack_sharing_enabled":true,"jetpack_shortlink":"https:\/\/wp.me\/P6YV2q-2H","jetpack-related-posts":[{"id":790,"url":"https:\/\/www.maitresse-ida.fr\/ida\/politique-de-confidentialite\/","url_meta":{"origin":167,"position":0},"title":"Politique de confidentialit\u00e9","author":"Ma\u00eetresse Ida","date":"8 juin 2018","format":false,"excerpt":"Politique de confidentialit\u00e9. Coordonn\u00e9es du site : le site maitresse-ida.f est \u00e9dit\u00e9 par : Ida Denans Adresse :\u00a0Route De Saint Veran 84190 BEAUMES DE VENISE Le responsable de la r\u00e9daction: Ida Denans Le site est h\u00e9berg\u00e9 par la soci\u00e9t\u00e9 OVH SAS au capital de 10 000 000 \u20ac RCS Roubaix\u2026","rel":"","context":"Article similaire","block_context":{"text":"Article similaire","link":""},"img":{"alt_text":"","src":"","width":0,"height":0},"classes":[]},{"id":129,"url":"https:\/\/www.maitresse-ida.fr\/ida\/lauteure\/","url_meta":{"origin":167,"position":1},"title":"L&rsquo;auteure","author":"Admin","date":"26 novembre 2015","format":false,"excerpt":"L'auteure Ida Denans La donna che picchiava duro: Diario di une domina\u00a0( Coniglio Editore, Rome) Ma\u00eetresse Ida R\u00e9cit. Format broch\u00e9, \u00e9puis\u00e9. Pour commander le livre en version PDF ou Epub (ebook), cliquer ici : Commander le fant\u00f4me de Sade ( France culture) Une \u00e9mission produite par Martin Quenehen et r\u00e9alis\u00e9e\u2026","rel":"","context":"Article similaire","block_context":{"text":"Article similaire","link":""},"img":{"alt_text":"La donna che picchiava duro","src":"https:\/\/i0.wp.com\/maitresse-ida.fr\/ida\/wp-content\/uploads\/2015\/11\/ida1.jpg?resize=350%2C200","width":350,"height":200},"classes":[]},{"id":37,"url":"https:\/\/www.maitresse-ida.fr\/ida\/le-donjon\/","url_meta":{"origin":167,"position":2},"title":"Le Donjon version BDSM","author":"Admin","date":"24 novembre 2015","format":false,"excerpt":"Le Donjon BDSM : th\u00e9\u00e2tre du d\u00e9sir et de la reconqu\u00eate \u00c0 l\u2019oppos\u00e9, dans les fictions \u00e9rotiques le donjon BDSM est un espace d\u2019affirmation de soi. Ici, le corps n\u2019est pas emprisonn\u00e9 : il est expos\u00e9, c\u00e9l\u00e9br\u00e9, ritualis\u00e9. Les cha\u00eenes n\u2019y sont plus un instrument de punition, mais un outil\u2026","rel":"","context":"Article similaire","block_context":{"text":"Article similaire","link":""},"img":{"alt_text":"Donjon","src":"https:\/\/i0.wp.com\/maitresse-ida.fr\/ida\/wp-content\/uploads\/2017\/04\/Croix-e1492787225788.jpg?resize=350%2C200","width":350,"height":200},"classes":[]},{"id":2,"url":"https:\/\/www.maitresse-ida.fr\/ida\/pratiques-bdsm\/","url_meta":{"origin":167,"position":3},"title":"Pratiques BDSM","author":"Admin","date":"24 novembre 2015","format":false,"excerpt":"Ma\u00eetresse \u2013 Dame Ida Pratiques BDSM encadr\u00e9es \u00e0 Avignon \u2013 VaucluseDomination, soumission et fantasmes r\u00e9alis\u00e9sBDSM sous contr\u00f4le, respect et bienveillance Dans la p\u00e9nombre, l\u00e0 o\u00f9 la respiration devient aveu,les pratiques BDSM encadr\u00e9es prennent la forme d\u2019un rituel.Je vous accueille dans un espace o\u00f9 domination et soumission s\u2019entrelacentcomme deux flammes, noires\u2026","rel":"","context":"Article similaire","block_context":{"text":"Article similaire","link":""},"img":{"alt_text":"Jeux de soumission.","src":"https:\/\/i0.wp.com\/www.maitresse-ida.fr\/ida\/wp-content\/uploads\/2020\/01\/691.1.jpg?fit=1024%2C768&ssl=1&resize=350%2C200","width":350,"height":200,"srcset":"https:\/\/i0.wp.com\/www.maitresse-ida.fr\/ida\/wp-content\/uploads\/2020\/01\/691.1.jpg?fit=1024%2C768&ssl=1&resize=350%2C200 1x, https:\/\/i0.wp.com\/www.maitresse-ida.fr\/ida\/wp-content\/uploads\/2020\/01\/691.1.jpg?fit=1024%2C768&ssl=1&resize=525%2C300 1.5x, https:\/\/i0.wp.com\/www.maitresse-ida.fr\/ida\/wp-content\/uploads\/2020\/01\/691.1.jpg?fit=1024%2C768&ssl=1&resize=700%2C400 2x"},"classes":[]},{"id":1325,"url":"https:\/\/www.maitresse-ida.fr\/ida\/qui-suis-je\/","url_meta":{"origin":167,"position":4},"title":"Qui suis-je ?","author":"Ma\u00eetresse Ida","date":"12 mai 2024","format":false,"excerpt":"Qui suis-je \u2013 Ma\u00eetresse Ida Une Dame, une pr\u00e9sence, une promesse Qui suis-je ? Certains d'entre vous m'appelle Maitresse, d'autres Madame, de mon cot\u00e9 j'aime bien le titre de Dame ! Une Dame au port assur\u00e9, \u00e0 la voix calme et ferme, qui incarne une domination \u00e9l\u00e9gante, enveloppante, inoubliable. Elle\u2026","rel":"","context":"Article similaire","block_context":{"text":"Article similaire","link":""},"img":{"alt_text":"Soumission et masochisme : quand la douleur devient d\u00e9sir Quand le regard devient pouvoir","src":"https:\/\/i0.wp.com\/www.maitresse-ida.fr\/ida\/wp-content\/uploads\/2024\/11\/cage-de-chastete-1-e1745765618417.jpg?resize=350%2C200&ssl=1","width":350,"height":200,"srcset":"https:\/\/i0.wp.com\/www.maitresse-ida.fr\/ida\/wp-content\/uploads\/2024\/11\/cage-de-chastete-1-e1745765618417.jpg?resize=350%2C200&ssl=1 1x, https:\/\/i0.wp.com\/www.maitresse-ida.fr\/ida\/wp-content\/uploads\/2024\/11\/cage-de-chastete-1-e1745765618417.jpg?resize=525%2C300&ssl=1 1.5x, https:\/\/i0.wp.com\/www.maitresse-ida.fr\/ida\/wp-content\/uploads\/2024\/11\/cage-de-chastete-1-e1745765618417.jpg?resize=700%2C400&ssl=1 2x"},"classes":[]},{"id":1521,"url":"https:\/\/www.maitresse-ida.fr\/ida\/archive-photos\/","url_meta":{"origin":167,"position":5},"title":"Galerie Phototh\u00e8que","author":"Ma\u00eetresse Ida","date":"26 juillet 2025","format":false,"excerpt":"Phototh\u00e8que Notre Histoire en Images. Moments Captur\u00e9s . Instantan\u00e9s Plongez dans ma phototh\u00e8que et revivez les moments forts qui ont marqu\u00e9 l'histoire de ce blog. \"\u00e0 court d'id\u00e9es pour vos fantasmes\" Je suis l\u00e0 pour vous accompagner en pr\u00e9sentiel dans mon donjon. Et aussi \u00e0 distance entre deux s\u00e9ances.","rel":"","context":"Article similaire","block_context":{"text":"Article similaire","link":""},"img":{"alt_text":"F\u00e9tichisme et BDSM","src":"https:\/\/i0.wp.com\/www.maitresse-ida.fr\/ida\/wp-content\/uploads\/2016\/01\/image-une-3.jpg?fit=400%2C261&ssl=1&resize=350%2C200","width":350,"height":200},"classes":[]}],"jetpack_likes_enabled":true,"_links":{"self":[{"href":"https:\/\/www.maitresse-ida.fr\/ida\/wp-json\/wp\/v2\/pages\/167","targetHints":{"allow":["GET"]}}],"collection":[{"href":"https:\/\/www.maitresse-ida.fr\/ida\/wp-json\/wp\/v2\/pages"}],"about":[{"href":"https:\/\/www.maitresse-ida.fr\/ida\/wp-json\/wp\/v2\/types\/page"}],"author":[{"embeddable":true,"href":"https:\/\/www.maitresse-ida.fr\/ida\/wp-json\/wp\/v2\/users\/1"}],"replies":[{"embeddable":true,"href":"https:\/\/www.maitresse-ida.fr\/ida\/wp-json\/wp\/v2\/comments?post=167"}],"version-history":[{"count":4,"href":"https:\/\/www.maitresse-ida.fr\/ida\/wp-json\/wp\/v2\/pages\/167\/revisions"}],"predecessor-version":[{"id":236,"href":"https:\/\/www.maitresse-ida.fr\/ida\/wp-json\/wp\/v2\/pages\/167\/revisions\/236"}],"wp:attachment":[{"href":"https:\/\/www.maitresse-ida.fr\/ida\/wp-json\/wp\/v2\/media?parent=167"}],"curies":[{"name":"wp","href":"https:\/\/api.w.org\/{rel}","templated":true}]}}